ide 708912?
True
Does 28 divide 4676?
True
Does 150 divide 8476800?
True
Does 403 divide 7746123?
False
Does 4 divide 120182?
False
Does 55 divide 149408?
False
Does 1042 divide 5800814?
True
Is 128640 a multiple of 192?
True
Is 1477310 a multiple of 96?
False
Does 227 divide 734572?
True
Is 18 a factor of 1148841?
False
Is 58520 a multiple of 40?
True
Is 591680 a multiple of 18?
False
Does 6 divide 6444?
True
Is 106352 a multiple of 578?
True
Does 1314 divide 1735299?
False
Is 1576020 a multiple of 60?
True
Is 336717 a multiple of 49?
False
Does 6 divide 99372?
True
Is 251317 a multiple of 9?
False
Does 15 divide 3382975?
False
Is 222 a factor of 867856?
False
Is 96 a factor of 204462?
False
Does 123 divide 131610?
True
Is 69 a factor of 267864?
False
Does 32 divide 760714?
False
Is 50 a factor of 411467?
False
Is 868538 a multiple of 534?
False
Does 2 divide 6036298?
True
Is 173522 a multiple of 3?
False
Is 116563 a multiple of 124?
False
Is 562593 a multiple of 160?
False
Is 100224 a multiple of 128?
True
Does 19 divide 1858061?
False
Is 3999424 a multiple of 286?
True
Is 1043705 a multiple of 5?
True
Is 31393178 a multiple of 83?
False
Is 487596 a multiple of 179?
True
Is 533118 a multiple of 34?
False
Does 984 divide 6859534?
False
Is 12 a factor of 219294?
False
Is 79 a factor of 273182?
True
Is 338694 a multiple of 19?
True
Does 38 divide 64093?
False
Is 4 a factor of 2168708?
True
Does 3 divide 466570?
False
Is 14331394 a multiple of 203?
True
Is 14637030 a multiple of 19?
True
Is 33357 a multiple of 10?
False
Is 156530 a multiple of 2?
True
Does 129 divide 10630474?
False
Is 187876 a multiple of 26?
True
Is 1674240 a multiple of 30?
True
Is 4557434 a multiple of 47?
False
Does 38 divide 6460?
True
Does 20 divide 664395?
False
Does 329 divide 3238347?
True
Is 178 a factor of 6080124?
True
Does 17 divide 9107?
False
Does 76 divide 122981?
False
Is 322046 a multiple of 13?
False
Is 99550 a multiple of 110?
True
Is 812 a factor of 1742449?
False
Does 9 divide 531144?
True
Does 10 divide 1327760?
True
Is 3 a factor of 19603?
False
Does 17 divide 62524?
False
Does 41 divide 1777514?
True
Is 153 a factor of 30101?
False
Does 323 divide 18616428?
True
Does 4 divide 17181?
False
Is 5 a factor of 48026?
False
Is 30 a factor of 178096?
False
Is 99 a factor of 754624?
False
Is 1381379 a multiple of 20?
False
Is 122 a factor of 24402?
False
Is 13 a factor of 5863910?
True
Is 67392 a multiple of 4?
True
Is 174 a factor of 290754?
True
Is 134085 a multiple of 7?
True
Is 5982486 a multiple of 360?
False
Is 134 a factor of 447292?
True
Does 110 divide 6995056?
False
Does 7 divide 31964?
False
Is 7 a factor of 587191?
False
Is 267652 a multiple of 13?
False
Is 1372132 a multiple of 14?
False
Is 221921 a multiple of 32?
False
Is 7904895 a multiple of 15?
True
Is 16199821 a multiple of 2182?
False
Does 5 divide 1579051?
False
Is 1718417 a multiple of 76?
False
Does 4 divide 121895?
False
Does 329 divide 507802?
False
Is 24136 a multiple of 78?
False
Is 116427 a multiple of 99?
False
Is 34550 a multiple of 9?
False
Is 37 a factor of 11582632?
False
Is 6 a factor of 230448?
True
Does 46 divide 10383626?
True
Is 1201549 a multiple of 662?
False
Does 8 divide 310627?
False
Does 19 divide 644917?
True
Does 10 divide 80666?
False
Is 41 a factor of 5441952?
False
Is 134220 a multiple of 33?
False
Is 16800 a multiple of 48?
True
Is 17859 a multiple of 125?
False
Does 135 divide 113611?
False
Is 3795 a multiple of 5?
True
Is 734360 a multiple of 30?
False
Does 77 divide 280561?
False
Is 54 a factor of 1819819?
False
Is 252026 a multiple of 25?
False
Is 9298332 a multiple of 18?
True
Is 48857 a multiple of 2?
False
Does 7 divide 330794?
False
Is 55374 a multiple of 22?
True
Is 1792080 a multiple of 48?
True
Does 42 divide 585270?
True
Is 11 a factor of 52714?
False
Is 22 a factor of 55308?
True
Does 69 divide 46023?
True
Does 331 divide 755011?
True
Is 56 a factor of 143945?
False
Is 37 a factor of 16465?
True
Is 229 a factor of 29770?
True
Is 14 a factor of 52150?
True
Is 13 a factor of 2079712?
False
Is 35 a factor of 4695730?
False
Is 304056 a multiple of 82?
True
Does 27 divide 829941?
False
Is 272532 a multiple of 14?
False
Does 32 divide 70048?
True
Is 1784 a factor of 832850?
False
Does 26 divide 16810087?
False
Is 582855 a multiple of 5?
True
Is 251771 a multiple of 143?
False
Is 34455 a multiple of 75?
False
Does 41 divide 55612?
False
Is 163 a factor of 1911338?
True
Does 18 divide 88611?
False
Does 57 divide 4165389?
True
Is 805816 a multiple of 11?
True
Is 2135200 a multiple of 85?
True
Is 188 a factor of 176515?
False
Does 25 divide 107460?
False
Is 2783117 a multiple of 8?
False
Is 12 a factor of 280776?
True
Is 298 a factor of 2893878?
True
Is 44116 a multiple of 82?
True
Is 9 a factor of 434358?
True
Does 3 divide 765370?
False
Is 958386 a multiple of 66?
True
Is 43823 a multiple of 14?
False
Is 1434451 a multiple of 30?
False
Is 49 a factor of 725980?
False
Is 271 a factor of 97018?
True
Is 10676881 a multiple of 1499?
False
Does 4 divide 113709?
False
Is 334 a factor of 631928?
True
Is 95116 a multiple of 21?
False
Is 91 a factor of 4035850?
True
Is 12 a factor of 48384?
True
Is 843 a factor of 1017501?
True
Does 109 divide 301318?
False
Is 13 a factor of 36474?
False
Does 374 divide 448302?
False
Is 127207 a multiple of 27?
False
Is 30 a factor of 943800?
True
Is 135442 a multiple of 281?
True
Is 22 a factor of 3064600?
True
Does 120 divide 19068502?
False
Is 50725 a multiple of 5?
True
Is 303 a factor of 1004142?
True
Is 312469 a multiple of 569?
False
Does 17 divide 212959?
True
Does 31 divide 5673?
True
Does 129 divide 2495247?
True
Is 38304 a multiple of 399?
True
Is 10 a factor of 6198151?
False
Is 121 a factor of 177507?
True
Is 185 a factor of 335358?
False
Does 59 divide 98736?
False
Does 258 divide 4159218?
True
Is 401691 a multiple of 5?
False
Is 2882842 a multiple of 192?
False
Does 115 divide 84180?
True
Is 756465 a multiple of 155?
False
Is 686709 a multiple of 15?
False
Is 74095 a multiple of 91?
False
Is 1227358 a multiple of 11?
True
Is 13 a factor of 703989?
True
Does 15 divide 25820786?
False
Does 213 divide 637061?
False
Is 810365 a multiple of 50?
False
Is 151 a factor of 1911660?
True
Is 1926423 a multiple of 662?
False
Is 51 a factor of 29772106?
False
Does 26 divide 83694?
True
Does 8 divide 4300656?
True
Does 34 divide 1999908?
False
Is 13 a factor of 713466?
True
Is 180908 a multiple of 32?
False
Is 32 a factor of 71936?
True
Does 84 divide 3463824?
True
Does 46 divide 10928800?
False
Is 9 a factor of 17084664?
True
Is 250042 a multiple of 118?
True
Is 18448 a multiple of 16?
True
Is 2725515 a multiple of 84?
False
Is 58 a factor of 337502?
True
Is 191 a factor of 44190?
False
Does 18 divide 2384154?
True
Does 24 divide 214536?
True
Is 23 a factor of 728594?
True
Does 499 divide 2994?
True
Does 9 divide 31239486?
True
Is 5 a factor of 5308512?
False
Does 273 divide 1036308?
True
Is 40 a factor of 4152364?
False
Is 1178479 a multiple of 347?
False
Does 25 divide 2652831?
False
Is 32844 a multiple of 118?
False
Is 26 a factor of 448162?
True
Is 1193398 a multiple of 137?
False
Is 10952101 a multiple of 73?
False
Is 812250 a multiple of 3?
True
Is 7 a factor of 1818775?
True
Is 250390 a multiple of 68?
False
Does 68 divide 2680205?
False
Is 158746 a multiple of 391?
True
Is 14 a factor of 3813754?
True
Is 2479605 a multiple of 42?
False
Is 333 a factor of 5254070?
False
Does 33 divide 211582?
False
Does 911 divide 8478124?
False
Is 1499907 a multiple of 363?
False
Does 49 divide 316197?
True
Is 3726731 a multiple of 1333?
False
Does 454 divide 196899?
False
Does 1293 divide 4016058?
True
Is 72 a factor of 16573752?
True
Is 157125 a multiple of 75?
True
Does 90 divide 1597320?
True
Is 6 a factor of 686760?
True
Is 73 a factor of 163808?
False
Is 265 a factor of 174790?
False
Does 351 divide 156546?
True
Does 679 divide 390425?
True
Is 20 a factor of 2112460?
True
Is 790393 a multiple of 7?
False
Is 674 a factor of 483258?
True
Is 22833 a multiple of 2?
False
Is 6 a factor of 6312?
True
Is 3552864 a multiple of 51?
True
Does 109 divide 994734?
True
Is 52429 a multiple of 7?
False
Is 73 a factor of 620341?
False
Is 241987